{"id":1493,"date":"2026-08-29T12:41:01","date_gmt":"2026-08-29T12:41:01","guid":{"rendered":"https:\/\/megaexpovillamaria.com.ar\/exposicion-villa-maria\/?page_id=1493"},"modified":"2026-08-29T14:26:39","modified_gmt":"2026-08-29T14:26:39","slug":"queso-solidario","status":"publish","type":"page","link":"https:\/\/megaexpovillamaria.com.ar\/exposicion-villa-maria\/queso-solidario\/","title":{"rendered":"Queso Solidario"},"content":{"rendered":"\t\t<div data-elementor-type=\"wp-page\" data-elementor-id=\"1493\" class=\"elementor elementor-1493\">\n\t\t\t\t<div class=\"elementor-element elementor-element-635e7dde e-flex e-con-boxed wpr-particle-no wpr-jarallax-no wpr-parallax-no wpr-sticky-section-no wpr-column-slider-no wpr-equal-height-no e-con e-parent\" data-id=\"635e7dde\" data-element_type=\"container\" data-e-type=\"container\" data-settings=\"{&quot;background_background&quot;:&quot;classic&quot;}\">\n\t\t\t\t\t<div class=\"e-con-inner\">\n\t\t\t\t<div class=\"elementor-element elementor-element-207dda10 elementor-widget__width-initial elementor-widget elementor-widget-elementskit-heading\" data-id=\"207dda10\" data-element_type=\"widget\" data-e-type=\"widget\" data-widget_type=\"elementskit-heading.default\">\n\t\t\t\t<div class=\"elementor-widget-container\">\n\t\t\t\t\t<div class=\"ekit-wid-con\" ><div class=\"ekit-heading elementskit-section-title-wraper center   ekit_heading_tablet-   ekit_heading_mobile-\"><h2 class=\"ekit-heading--title elementskit-section-title \">Queso Solidario<\/h2><\/div><\/div>\t\t\t\t<\/div>\n\t\t\t\t<\/div>\n\t\t\t\t<div class=\"elementor-element elementor-element-71b30980 elementor-widget elementor-widget-heading\" data-id=\"71b30980\" data-element_type=\"widget\" data-e-type=\"widget\" data-widget_type=\"heading.default\">\n\t\t\t\t<div class=\"elementor-widget-container\">\n\t\t\t\t\t<h2 class=\"elementor-heading-title elementor-size-default\">PABELL\u00d3N DE L\u00c1CTEOS | 9:00 A 19:00hs<\/h2>\t\t\t\t<\/div>\n\t\t\t\t<\/div>\n\t\t\t\t\t<\/div>\n\t\t\t\t<\/div>\n\t\t<div class=\"elementor-element elementor-element-269b09a e-flex e-con-boxed wpr-particle-no wpr-jarallax-no wpr-parallax-no wpr-sticky-section-no wpr-column-slider-no wpr-equal-height-no e-con e-parent\" data-id=\"269b09a\" data-element_type=\"container\" data-e-type=\"container\">\n\t\t\t\t\t<div class=\"e-con-inner\">\n\t\t\t\t<div class=\"elementor-element elementor-element-261e20d elementor-widget elementor-widget-spacer\" data-id=\"261e20d\" data-element_type=\"widget\" data-e-type=\"widget\" data-widget_type=\"spacer.default\">\n\t\t\t\t<div class=\"elementor-widget-container\">\n\t\t\t\t\t\t\t<div class=\"elementor-spacer\">\n\t\t\t<div class=\"elementor-spacer-inner\"><\/div>\n\t\t<\/div>\n\t\t\t\t\t\t<\/div>\n\t\t\t\t<\/div>\n\t\t\t\t<div class=\"elementor-element elementor-element-b8b2d0f elementor-widget elementor-widget-text-editor\" data-id=\"b8b2d0f\" data-element_type=\"widget\" data-e-type=\"widget\" data-widget_type=\"text-editor.default\">\n\t\t\t\t<div class=\"elementor-widget-container\">\n\t\t\t\t\t\t\t\t\t<h2>Un queso gigante. Un desaf\u00edo colectivo. Un destino solidario.<br \/><br \/><\/h2><p class=\"isSelectedEnd\">Del <strong>3 al 6 de septiembre<\/strong>, en el marco de la <strong>Mega Exposici\u00f3n del Centro Argentino (MECA)<\/strong>, en la <strong>Sociedad Rural de Villa Mar\u00eda<\/strong>, vas a poder conocer una pieza \u00fanica: el <strong>queso semiduro m\u00e1s grande de Latinoam\u00e9rica<\/strong>.<\/p><p class=\"isSelectedEnd\">Elaborado el <strong>29 de junio de 2026<\/strong> en la planta de <strong>L.C.A. S.R.L.<\/strong>, en Villa Nueva, este queso es el resultado de un gran trabajo colectivo que reuni\u00f3 a productores, trabajadores y empresas de la regi\u00f3n detr\u00e1s de un mismo desaf\u00edo: <strong>crear algo extraordinario y convertirlo en una oportunidad para ayudar<\/strong>.<\/p><h5><em>10.000 litros de leche. Una producci\u00f3n r\u00e9cord. Un objetivo que nos une.<\/em><\/h5><p class=\"isSelectedEnd\">Para su elaboraci\u00f3n, productores de la zona aportaron <strong>10.000 litros de leche<\/strong>, trasladados con transporte gratuito hasta la planta de L.C.A. S.R.L.<\/p><p class=\"isSelectedEnd\">La empresa, junto a sus productos <strong>Nueva Villa<\/strong> y las familias <strong>Barrenechea y Cinta<\/strong>, puso a disposici\u00f3n sus instalaciones, recursos humanos y toda su capacidad productiva para hacer posible esta elaboraci\u00f3n.<\/p><p class=\"isSelectedEnd\">El resultado es un queso que sorprende por sus dimensiones y que representa, al mismo tiempo, <strong>la capacidad productiva, la calidad y el esp\u00edritu solidario de nuestra regi\u00f3n<\/strong>.<\/p><h5>DEL R\u00c9CORD A LA SOLIDARIDAD<\/h5><p class=\"isSelectedEnd\">El queso ser\u00e1 exhibido durante la <strong>MECA<\/strong> y, posteriormente, ser\u00e1 cortado en porciones de <strong>1 kilogramo<\/strong> para su remate.<\/p><p class=\"isSelectedEnd\">Cada kilo tendr\u00e1 un valor de <strong>$15.000<\/strong> y <strong>todo lo recaudado ser\u00e1 destinado a la compra de leche en polvo para merenderos y bancos de alimentos de la regi\u00f3n<\/strong>.<\/p><p>As\u00ed, este queso que naci\u00f3 como un desaf\u00edo productivo se transforma en una iniciativa que busca llegar a quienes m\u00e1s lo necesitan.<\/p>\t\t\t\t\t\t\t\t<\/div>\n\t\t\t\t<\/div>\n\t\t\t\t\t<\/div>\n\t\t\t\t<\/div>\n\t\t<div class=\"elementor-element elementor-element-25fc5f5 e-flex e-con-boxed wpr-particle-no wpr-jarallax-no wpr-parallax-no wpr-sticky-section-no wpr-column-slider-no wpr-equal-height-no e-con e-parent\" data-id=\"25fc5f5\" data-element_type=\"container\" data-e-type=\"container\">\n\t\t\t\t\t<div class=\"e-con-inner\">\n\t\t\t\t<div class=\"elementor-element elementor-element-f41ce84 elementor-widget elementor-widget-image\" data-id=\"f41ce84\" data-element_type=\"widget\" data-e-type=\"widget\" data-widget_type=\"image.default\">\n\t\t\t\t<div class=\"elementor-widget-container\">\n\t\t\t\t\t\t\t\t\t\t\t\t\t\t\t<img fetchpriority=\"high\" decoding=\"async\" width=\"1024\" height=\"576\" src=\"https:\/\/megaexpovillamaria.com.ar\/exposicion-villa-maria\/wp-content\/uploads\/2026\/07\/queso-gigante-primer-plano.jpg\" class=\"attachment-large size-large wp-image-1257\" alt=\"\" srcset=\"https:\/\/megaexpovillamaria.com.ar\/exposicion-villa-maria\/wp-content\/uploads\/2026\/07\/queso-gigante-primer-plano.jpg 1024w, https:\/\/megaexpovillamaria.com.ar\/exposicion-villa-maria\/wp-content\/uploads\/2026\/07\/queso-gigante-primer-plano-300x169.jpg 300w, https:\/\/megaexpovillamaria.com.ar\/exposicion-villa-maria\/wp-content\/uploads\/2026\/07\/queso-gigante-primer-plano-768x432.jpg 768w\" sizes=\"(max-width: 1024px) 100vw, 1024px\" \/>\t\t\t\t\t\t\t\t\t\t\t\t\t\t\t<\/div>\n\t\t\t\t<\/div>\n\t\t\t\t\t<\/div>\n\t\t\t\t<\/div>\n\t\t\t\t<\/div>\n\t\t","protected":false},"excerpt":{"rendered":"<p>Queso Solidario PABELL\u00d3N DE L\u00c1CTEOS | 9:00 A 19:00hs Un queso gigante. Un desaf\u00edo colectivo. Un destino solidario. Del 3 al 6 de septiembre, en el marco de la Mega Exposici\u00f3n del Centro Argentino (MECA), en la Sociedad Rural de Villa Mar\u00eda, vas a poder conocer una pieza \u00fanica: el queso semiduro m\u00e1s grande de Latinoam\u00e9rica. Elaborado el 29 de junio de 2026 en la planta de L.C.A. S.R.L., en Villa Nueva, este queso es el resultado de un gran trabajo colectivo que reuni\u00f3 a productores, trabajadores y empresas de la regi\u00f3n detr\u00e1s de un mismo desaf\u00edo: crear algo extraordinario y convertirlo en una oportunidad para ayudar. 10.000 litros de leche. Una producci\u00f3n r\u00e9cord. Un objetivo que nos une. Para su elaboraci\u00f3n, productores de la zona aportaron 10.000 litros de leche, trasladados con transporte gratuito hasta la planta de L.C.A. S.R.L. La empresa, junto a sus productos Nueva Villa y las familias Barrenechea y Cinta, puso a disposici\u00f3n sus instalaciones, recursos humanos y toda su capacidad productiva para hacer posible esta elaboraci\u00f3n. El resultado es un queso que sorprende por sus dimensiones y que representa, al mismo tiempo, la capacidad productiva, la calidad y el esp\u00edritu solidario de nuestra regi\u00f3n. DEL R\u00c9CORD A LA SOLIDARIDAD El queso ser\u00e1 exhibido durante la MECA y, posteriormente, ser\u00e1 cortado en porciones de 1 kilogramo para su remate. Cada kilo tendr\u00e1 un valor de $15.000 y todo lo recaudado ser\u00e1 destinado a la compra de leche en polvo para merenderos y bancos de alimentos de la regi\u00f3n. As\u00ed, este queso que naci\u00f3 como un desaf\u00edo productivo se transforma en una iniciativa que busca llegar a quienes m\u00e1s lo necesitan.<\/p>\n","protected":false},"author":3,"featured_media":0,"parent":0,"menu_order":0,"comment_status":"closed","ping_status":"closed","template":"elementor_header_footer","meta":{"_eb_attr":"","site-sidebar-layout":"no-sidebar","site-content-layout":"","ast-site-content-layout":"full-width-container","site-content-style":"default","site-sidebar-style":"default","ast-global-header-display":"","ast-banner-title-visibility":"","ast-main-header-display":"","ast-hfb-above-header-display":"","ast-hfb-below-header-display":"","ast-hfb-mobile-header-display":"","site-post-title":"","ast-breadcrumbs-content":"","ast-featured-img":"disabled","footer-sml-layout":"","ast-disable-related-posts":"","theme-transparent-header-meta":"","adv-header-id-meta":"","stick-header-meta":"","header-above-stick-meta":"","header-main-stick-meta":"","header-below-stick-meta":"","astra-migrate-meta-layouts":"default","ast-page-background-enabled":"default","ast-page-background-meta":{"desktop":{"background-color":"var(--ast-global-color-5)","background-image":"","background-repeat":"repeat","background-position":"center center","background-size":"auto","background-attachment":"scroll","background-type":"","background-media":"","overlay-type":"","overlay-color":"","overlay-opacity":"","overlay-gradient":""},"tablet":{"background-color":"","background-image":"","background-repeat":"repeat","background-position":"center center","background-size":"auto","background-attachment":"scroll","background-type":"","background-media":"","overlay-type":"","overlay-color":"","overlay-opacity":"","overlay-gradient":""},"mobile":{"background-color":"","background-image":"","background-repeat":"repeat","background-position":"center center","background-size":"auto","background-attachment":"scroll","background-type":"","background-media":"","overlay-type":"","overlay-color":"","overlay-opacity":"","overlay-gradient":""}},"ast-content-background-meta":{"desktop":{"background-color":"var(--ast-global-color-4)","background-image":"","background-repeat":"repeat","background-position":"center center","background-size":"auto","background-attachment":"scroll","background-type":"","background-media":"","overlay-type":"","overlay-color":"","overlay-opacity":"","overlay-gradient":""},"tablet":{"background-color":"var(--ast-global-color-4)","background-image":"","background-repeat":"repeat","background-position":"center center","background-size":"auto","background-attachment":"scroll","background-type":"","background-media":"","overlay-type":"","overlay-color":"","overlay-opacity":"","overlay-gradient":""},"mobile":{"background-color":"var(--ast-global-color-4)","background-image":"","background-repeat":"repeat","background-position":"center center","background-size":"auto","background-attachment":"scroll","background-type":"","background-media":"","overlay-type":"","overlay-color":"","overlay-opacity":"","overlay-gradient":""}},"footnotes":""},"class_list":["post-1493","page","type-page","status-publish","hentry"],"_links":{"self":[{"href":"https:\/\/megaexpovillamaria.com.ar\/exposicion-villa-maria\/wp-json\/wp\/v2\/pages\/1493","targetHints":{"allow":["GET"]}}],"collection":[{"href":"https:\/\/megaexpovillamaria.com.ar\/exposicion-villa-maria\/wp-json\/wp\/v2\/pages"}],"about":[{"href":"https:\/\/megaexpovillamaria.com.ar\/exposicion-villa-maria\/wp-json\/wp\/v2\/types\/page"}],"author":[{"embeddable":true,"href":"https:\/\/megaexpovillamaria.com.ar\/exposicion-villa-maria\/wp-json\/wp\/v2\/users\/3"}],"replies":[{"embeddable":true,"href":"https:\/\/megaexpovillamaria.com.ar\/exposicion-villa-maria\/wp-json\/wp\/v2\/comments?post=1493"}],"version-history":[{"count":8,"href":"https:\/\/megaexpovillamaria.com.ar\/exposicion-villa-maria\/wp-json\/wp\/v2\/pages\/1493\/revisions"}],"predecessor-version":[{"id":1517,"href":"https:\/\/megaexpovillamaria.com.ar\/exposicion-villa-maria\/wp-json\/wp\/v2\/pages\/1493\/revisions\/1517"}],"wp:attachment":[{"href":"https:\/\/megaexpovillamaria.com.ar\/exposicion-villa-maria\/wp-json\/wp\/v2\/media?parent=1493"}],"curies":[{"name":"wp","href":"https:\/\/api.w.org\/{rel}","templated":true}]}}

<div data-elementor-type="wp-page" data-elementor-id="1493" class="elementor elementor-1493">
				<div class="elementor-element elementor-element-635e7dde e-flex e-con-boxed wpr-particle-no wpr-jarallax-no wpr-parallax-no wpr-sticky-section-no wpr-column-slider-no wpr-equal-height-no e-con e-parent" data-id="635e7dde" data-element_type="container" data-e-type="container" data-settings="{&quot;background_background&quot;:&quot;classic&quot;}">
					<div class="e-con-inner">
				<div class="elementor-element elementor-element-207dda10 elementor-widget__width-initial elementor-widget elementor-widget-elementskit-heading" data-id="207dda10" data-element_type="widget" data-e-type="widget" data-widget_type="elementskit-heading.default">
				<div class="elementor-widget-container">
					<div class="ekit-wid-con" ><div class="ekit-heading elementskit-section-title-wraper center   ekit_heading_tablet-   ekit_heading_mobile-"><h2 class="ekit-heading--title elementskit-section-title ">Queso Solidario</h2></div></div>				</div>
				</div>
				<div class="elementor-element elementor-element-71b30980 elementor-widget elementor-widget-heading" data-id="71b30980" data-element_type="widget" data-e-type="widget" data-widget_type="heading.default">
				<div class="elementor-widget-container">
					<h2 class="elementor-heading-title elementor-size-default">PABELLÓN DE LÁCTEOS | 9:00 A 19:00hs</h2>				</div>
				</div>
					</div>
				</div>
		<div class="elementor-element elementor-element-269b09a e-flex e-con-boxed wpr-particle-no wpr-jarallax-no wpr-parallax-no wpr-sticky-section-no wpr-column-slider-no wpr-equal-height-no e-con e-parent" data-id="269b09a" data-element_type="container" data-e-type="container">
					<div class="e-con-inner">
				<div class="elementor-element elementor-element-261e20d elementor-widget elementor-widget-spacer" data-id="261e20d" data-element_type="widget" data-e-type="widget" data-widget_type="spacer.default">
				<div class="elementor-widget-container">
							<div class="elementor-spacer">
			<div class="elementor-spacer-inner"></div>
		</div>
						</div>
				</div>
				<div class="elementor-element elementor-element-b8b2d0f elementor-widget elementor-widget-text-editor" data-id="b8b2d0f" data-element_type="widget" data-e-type="widget" data-widget_type="text-editor.default">
				<div class="elementor-widget-container">
									<h2>Un queso gigante. Un desafío colectivo. Un destino solidario.<br /><br /></h2><p class="isSelectedEnd">Del <strong>3 al 6 de septiembre</strong>, en el marco de la <strong>Mega Exposición del Centro Argentino (MECA)</strong>, en la <strong>Sociedad Rural de Villa María</strong>, vas a poder conocer una pieza única: el <strong>queso semiduro más grande de Latinoamérica</strong>.</p><p class="isSelectedEnd">Elaborado el <strong>29 de junio de 2026</strong> en la planta de <strong>L.C.A. S.R.L.</strong>, en Villa Nueva, este queso es el resultado de un gran trabajo colectivo que reunió a productores, trabajadores y empresas de la región detrás de un mismo desafío: <strong>crear algo extraordinario y convertirlo en una oportunidad para ayudar</strong>.</p><h5><em>10.000 litros de leche. Una producción récord. Un objetivo que nos une.</em></h5><p class="isSelectedEnd">Para su elaboración, productores de la zona aportaron <strong>10.000 litros de leche</strong>, trasladados con transporte gratuito hasta la planta de L.C.A. S.R.L.</p><p class="isSelectedEnd">La empresa, junto a sus productos <strong>Nueva Villa</strong> y las familias <strong>Barrenechea y Cinta</strong>, puso a disposición sus instalaciones, recursos humanos y toda su capacidad productiva para hacer posible esta elaboración.</p><p class="isSelectedEnd">El resultado es un queso que sorprende por sus dimensiones y que representa, al mismo tiempo, <strong>la capacidad productiva, la calidad y el espíritu solidario de nuestra región</strong>.</p><h5>DEL RÉCORD A LA SOLIDARIDAD</h5><p class="isSelectedEnd">El queso será exhibido durante la <strong>MECA</strong> y, posteriormente, será cortado en porciones de <strong>1 kilogramo</strong> para su remate.</p><p class="isSelectedEnd">Cada kilo tendrá un valor de <strong>$15.000</strong> y <strong>todo lo recaudado será destinado a la compra de leche en polvo para merenderos y bancos de alimentos de la región</strong>.</p><p>Así, este queso que nació como un desafío productivo se transforma en una iniciativa que busca llegar a quienes más lo necesitan.</p>								</div>
				</div>
					</div>
				</div>
		<div class="elementor-element elementor-element-25fc5f5 e-flex e-con-boxed wpr-particle-no wpr-jarallax-no wpr-parallax-no wpr-sticky-section-no wpr-column-slider-no wpr-equal-height-no e-con e-parent" data-id="25fc5f5" data-element_type="container" data-e-type="container">
					<div class="e-con-inner">
				<div class="elementor-element elementor-element-f41ce84 elementor-widget elementor-widget-image" data-id="f41ce84" data-element_type="widget" data-e-type="widget" data-widget_type="image.default">
				<div class="elementor-widget-container">
															<img fetchpriority="high" decoding="async" width="1024" height="576" src="https://megaexpovillamaria.com.ar/exposicion-villa-maria/wp-content/uploads/2026/07/queso-gigante-primer-plano.jpg" class="attachment-large size-large wp-image-1257" alt="" srcset="https://megaexpovillamaria.com.ar/exposicion-villa-maria/wp-content/uploads/2026/07/queso-gigante-primer-plano.jpg 1024w, https://megaexpovillamaria.com.ar/exposicion-villa-maria/wp-content/uploads/2026/07/queso-gigante-primer-plano-300x169.jpg 300w, https://megaexpovillamaria.com.ar/exposicion-villa-maria/wp-content/uploads/2026/07/queso-gigante-primer-plano-768x432.jpg 768w" sizes="(max-width: 1024px) 100vw, 1024px" />															</div>
				</div>
					</div>
				</div>
				</div>

<p>Queso Solidario PABELLÓN DE LÁCTEOS | 9:00 A 19:00hs Un queso gigante. Un desafío colectivo. Un destino solidario. Del 3 al 6 de septiembre, en el marco de la Mega Exposición del Centro Argentino (MECA), en la Sociedad Rural de Villa María, vas a poder conocer una pieza única: el queso semiduro más grande de Latinoamérica. Elaborado el 29 de junio de 2026 en la planta de L.C.A. S.R.L., en Villa Nueva, este queso es el resultado de un gran trabajo colectivo que reunió a productores, trabajadores y empresas de la región detrás de un mismo desafío: crear algo extraordinario y convertirlo en una oportunidad para ayudar. 10.000 litros de leche. Una producción récord. Un objetivo que nos une. Para su elaboración, productores de la zona aportaron 10.000 litros de leche, trasladados con transporte gratuito hasta la planta de L.C.A. S.R.L. La empresa, junto a sus productos Nueva Villa y las familias Barrenechea y Cinta, puso a disposición sus instalaciones, recursos humanos y toda su capacidad productiva para hacer posible esta elaboración. El resultado es un queso que sorprende por sus dimensiones y que representa, al mismo tiempo, la capacidad productiva, la calidad y el espíritu solidario de nuestra región. DEL RÉCORD A LA SOLIDARIDAD El queso será exhibido durante la MECA y, posteriormente, será cortado en porciones de 1 kilogramo para su remate. Cada kilo tendrá un valor de $15.000 y todo lo recaudado será destinado a la compra de leche en polvo para merenderos y bancos de alimentos de la región. Así, este queso que nació como un desafío productivo se transforma en una iniciativa que busca llegar a quienes más lo necesitan.</p>
